). Calculate the highest common divisor of r and 98.
14
Suppose 95 = 6*t - 37. What is the greatest common divisor of t and 11?
11
Let v be (-18)/(-81) - 40/18. Suppose -3*b = -5*b + 4. Let p be ((-4)/2 - v) + b. Calculate the greatest common factor of 2 and p.
2
Let p = -46 + 22. Let h = -7 - p. Calculate the highest common divisor of h and 17.
17
Let u = 9 + -5. Let y be 2/(-3)*(-18)/u. Suppose -4*d = -x - 52, y*x + 52 = 4*d - x. What is the highest common divisor of d and 104?
13
Suppose -3*a - 3 = 0, 5*a = 2*q - 31 + 6. What is the greatest common factor of 5 and q?
5
Let g(m) = 4*m - 1. Let i be g(1). Suppose 2*z = -i*u + 27, 2*z + z = 4*u - 53. What is the highest common divisor of u and 55?
11
Suppose -2*d + 4*u = -570, 0*d + 3*d = 3*u + 846. What is the greatest common factor of 31 and d?
31
Suppose 4*b + 4*f = 60, 4*b = -b + 4*f + 48. Calculate the highest common divisor of b and 48.
12
Let v(i) = -3*i - 1. Let l be v(-5). Let w = -21 - -42. What is the highest common factor of l and w?
7
Let y(q) = 2*q + 15. Let i be y(-5). What is the greatest common divisor of 45 and i?
5
Let r = 2 - -63. Calculate the greatest common factor of r and 26.
13
Suppose s + k + 1 = 3, -20 = -3*s + 4*k. What is the greatest common divisor of s and 20?
4
Let j(z) = 51*z - 2. Let m be j(4). Suppose 0 = -5*o - 3*p + 256, -p = -4*o - 2*p + m. Calculate the greatest common factor of 20 and o.
10
Let h be (-2)/(-4) - 109/(-2). Suppose -11 - 9 = -4*u. Calculate the greatest common factor of h and u.
5
Suppose 1 + 7 = 4*i. Suppose 18 = 3*h - 6*h. Let f be h/(-15) - 68/(-5). Calculate the greatest common divisor of i and f.
2
Let m = -7 + 4. Let t be (0 - (-6 - m)) + 2. Let v = -29 + 69. What is the greatest common factor of v and t?
5
Let z = 95 + -93. Calculate the highest common factor of 6 and z.
2
Let o(r) = -2*r**2 - 21*r + 2. Let c be o(-10). Calculate the greatest common divisor of 60 and c.
12
Let x = -47 + 80. Let n be x/(5/((-320)/(-12))). What is the greatest common divisor of n and 16?
16
Suppose -7*c + 120 = -2*c. Let i(y) = 6*y - 18. Let s be i(5). What is the greatest common divisor of c and s?
12
Suppose 8 = 2*i - 4*p, -3*p - 12 = 2*i - 2*p. Let d be ((-2)/i)/(2/4). Let k be 1 - -185 - (d - 2). Calculate the greatest common factor of k and 17.
17
Suppose -832 = -5*f - 3*f. Calculate the highest common factor of f and 26.
26
Suppose 5*x - 24 = 6. What is the highest common factor of 4 and x?
2
Suppose -a + 2*g = -9 - 1, a + 2*g - 10 = 0. Suppose -5*p + 35 - 10 = 0. Suppose p*s = 66 + 34. Calculate the greatest common divisor of s and a.
10
Let q(i) = -2*i + 11. Let m be q(0). What is the greatest common factor of m and 121?
11
Suppose -2*y + 98 = 5*d, d - 62 - 116 = -4*y. What is the highest common factor of y and 88?
44
Let x(c) = -c**3 + 11*c**2 - 6*c + 3. Let t(l) = l**2 - 1. Let k(g) = -3*t(g) + x(g). Let z be k(5). What is the greatest common factor of 34 and z?
17
Let r be (-7*1)/((-8)/(-16)). Let a = 21 + r. What is the greatest common divisor of a and 63?
7
Let b(y) = y**3 - y**2 - y + 8. Let s be b(4). What is the greatest common factor of 39 and s?
13
Let r be 5/(3/3) - 3. Suppose -5*z = -10, r*h - 8 = h - 2*z. Suppose 88 = -h*t + 6*t. Calculate the highest common factor of t and 11.
11
Let w = -27 - -51. Calculate the greatest common divisor of 8 and w.
8
Let x be (-214 + 2)*(-28)/16. Let f = x + -217. Let i(w) = -w**3 + 7*w**2 + 9*w + 6. Let l be i(8). What is the greatest common divisor of l and f?
14
Suppose 2*i + 2 + 4 = 0. Let j = i - -14. Calculate the greatest common divisor of 44 and j.
11
Let t = -30 - -59. Calculate the greatest common factor of 232 and t.
29
Let l = 4 + 6. What is the greatest common divisor of 70 and l?
10
Let g = -5 - -8. Suppose -g*v + 11 = a, 4*v - 26 + 3 = -3*a. Let k be 76 + (4/v)/(-2). Calculate the highest common divisor of k and 30.
15
Suppose -3*o - s + 95 = s, -o + 60 = -5*s. Let x = -24 + o. Calculate the highest common factor of 77 and x.
11
Let q be (4 + -3)*(-1 - -22). What is the greatest common factor of q and 147?
21
Let b(w) = -w**2 - 5*w + 1. Let s be b(-3). Suppose -4*p = -4*d + 22 + 38, 68 = 5*d + 2*p. Calculate the highest common divisor of s and d.
7
Suppose a - 3 = 0, -2*v - a + 66 = a. Calculate the greatest common divisor of 20 and v.
10
Let u(m) = 6*m**2 - 2*m - 8. Let y be u(7). Suppose -3*g + 99 = -3. Calculate the highest common divisor of y and g.
34
Let o be (-14)/(-28)*(0 + 62). Calculate the greatest common factor of o and 31.
31
Let k = -148 + 166. What is the highest common factor of k and 30?
6
Suppose 2*k + 13 = 5*l, -2*k + 1 = -k - l. Let b(i) = 4 + 4*i**2 - 3*i**2 - 1 + i. Let g be b(k). What is the greatest common divisor of g and 5?
5
Let s = -5 - -5. Suppose t - z - 25 = 0, 3*t + s*t - 75 = z. What is the highest common divisor of 5 and t?
5
Suppose -o - 5*i = 3*o - 281, 0 = 4*o - 5*i - 271. What is the highest common factor of 23 and o?
23
Suppose -3*p - 12 = -0*p. Let n = 67 + p. Calculate the highest common divisor of 7 and n.
7
Let j = -2 + -3. Let f be (-4872)/(-30) + 2/j. What is the highest common divisor of 18 and f?
18
Let c = 11 + -3. Calculate the greatest common divisor of c and 20.
4
Let i = -46 - -52. Let d be (0 - -30)*(-1)/(-1). What is the highest common factor of d and i?
6
Let f be (6/(-21))/(6/(-210)). What is the highest common factor of 4 and f?
2
Suppose 4*b + 4*b - 40 = 0. Calculate the greatest common factor of b and 25.
5
Suppose 11 = s + l, 0 = 3*s - 2*l - 0*l - 18. Let p be -2*(-4)/(32/20). Suppose 0 = p*b - s - 32. What is the highest common factor of 20 and b?
4
Let q = 272 - 144. Suppose 2*d = 6*d - q. What is the greatest common divisor of d and 8?
8
Suppose -4*r + 139 = -9. Let j be -5*(3 + -2 - 2). Suppose j*c = -4*g + 73, 0*g - 5*c = g - r. Calculate the highest common factor of 3 and g.
3
Let l be (-1)/(-2*3/54). Let u = l - 5. What is the highest common divisor of 32 and u?
4
Let s = -18 + 12. Let p be (-48)/(-18) + 4/s. Suppose -1 = p*d - 13. Calculate the highest common divisor of d and 66.
6
Let u be (-2 - 25/(-2))*18. Calculate the highest common factor of u and 21.
21
Let d = 60 - 35. Let x be (-1 + -41 + -3)/((-15)/75). Calculate the greatest common divisor of x and d.
25
Let m(k) = -k**3 - 7*k**2 - 5*k + 8. Let j be m(-6). Suppose -2*x = j*x - 288. Calculate the greatest common factor of 8 and x.
8
Let n be 0*(-1)/(-3) + 44. Suppose -b - b = -n. What is the greatest common factor of b and 44?
22
Let c be (20/6)/((-14)/(-63)). What is the greatest common divisor of 135 and c?
15
Let t be (-6)/12 + 18/4. Let l(h) = h - 5. Let n be l(t). Let d be 2 + (-28)/n - 2. What is the highest common divisor of 42 and d?
14
Suppose 4*w - 521 = 467. Suppose 103 = m - w. What is the highest common factor of m and 35?
35
Let z be (-14)/(-18) - 4/(-18). Let i be 866/12 + z/(-6). Calculate the highest common divisor of i and 9.
9
Let p(v) = v**2 + 17. Let j(z) = -z**3 + 4*z**2 + 4*z + 7. Let t be j(5). Let k = -2 + t. Let r be p(k). Calculate the greatest common factor of r and 51.
17
Let c = 121 + -91. Calculate the highest common divisor of c and 24.
6
Suppose -2*a = -2*v + 2, a - 3*v + 1 + 10 = 0. Suppose -y - l + 8 = -2*l, 2*l = -y + 20. Calculate the highest common factor of y and a.
4
Suppose 3*y = -y + 136. Suppose 0 = 5*s - y - 6. Let q be ((-32)/(-12))/((-6)/(-9)). What is the greatest common factor of q and s?
4
Let q(f) = 6*f - 13. Let m be q(8). Suppose -2*c = 3*c + 85. Let y = 24 + c. Calculate the highest common divisor of m and y.
7
Suppose 5*b - 17 = -l, -1 + 32 = 3*l - 5*b. Calculate the highest common factor of l and 36.
12
Let p = 9 - 6. Suppose -p*l = 2*l - 140. Suppose -u - l = -y - 5, -y + 3 = -5*u. What is the highest common divisor of y and 42?
14
Let h(a) = -a**2 - 9*a - 3. Let m be h(-6). Let l be 3/m - (-494)/5. Let q = 187 - l. Calculate the highest common factor of q and 11.
11
Let s be 10*(3/2)/(-8 + 11). Let k(v) = -2*v - 4. Let z be k(-3). What is the greatest common factor of z and s?
1
Let q(x) = 4*x + 6*x - x**3 - x - 19 + x - 12*x**2. Let r be q(-13). What is the greatest common divisor of r and 10?
10
Let f be ((-12)/9*6)/(4/(-6)). What is the greatest common factor of f and 4?
4
Suppose 2*j = 2*g + 